{"id":193,"date":"2020-04-27T14:02:11","date_gmt":"2020-04-27T12:02:11","guid":{"rendered":"http:\/\/waycar.pl\/?post_type=product&#038;p=193"},"modified":"2025-05-13T07:27:07","modified_gmt":"2025-05-13T05:27:07","slug":"opel_vivaro_long","status":"publish","type":"product","link":"https:\/\/waycar.pl\/index.php\/produkt\/opel_vivaro_long\/","title":{"rendered":"Opel Vivaro B Long"},"content":{"rendered":"<p>[et_pb_section bb_built=&#8221;1&#8243;][et_pb_row][\/et_pb_row][\/et_pb_section]<\/p>\n","protected":false},"excerpt":{"rendered":"<p><strong>Opel Vivaro\u00a0 B Long\u00a0<\/strong><\/p>\n<ul>\n<li><em>1,6 BiTurbo<\/em><\/li>\n<li><em>9 osobowy<\/em><\/li>\n<li><em>Euro 6<\/em><\/li>\n<li><em>klimatyzacja prz\u00f3d i ty\u0142<\/em><\/li>\n<li><em>d\u0142ugi baga\u017cnik<\/em><\/li>\n<li><em>spalanie 7-9 l\/100 km\u00a0 Diesel<\/em><\/li>\n<li><em>Wbudowana nawigacja<\/em><\/li>\n<li><em>Pod\u0142okietniki na tylnych siedzeniach<\/em><\/li>\n<li><em>Otwierane okna z ty\u0142u<\/em><\/li>\n<li><em>Isofix<\/em><\/li>\n<li><em>Czujniki parkowania<\/em><\/li>\n<li><em>Tempomat<\/em><\/li>\n<li><em>wynajem od 230z\u0142\/ dzie\u0144 (przy d\u0142u\u017cszym wynajmie)<\/em><\/li>\n<li><em>limit dzienny 300 km sumowany na czas rezerwacji<\/em><\/li>\n<li><em>kaucja 1500z\u0142<\/em><\/li>\n<li><em>winiety Czechy i Austria na rok 2025 w cenie wynajmu<\/em><\/li>\n<li>i<em>nne winiety dodatkowo p\u0142atne\u00a0<\/em><\/li>\n<\/ul>\n<p>1 dzie\u0144 : 310,00 z\u0142<br \/>\n2 dni : 600,00 z\u0142<br \/>\n3 dni : 820,00 z\u0142<br \/>\n4 dni : 1000,00 z\u0142<br \/>\n5 dni : 126000 z\u0142<br \/>\n6 dni : 1450,00 z\u0142<br \/>\n7 dni : 1690,00 z\u0142<br \/>\n8 dni : 1930,00 z\u0142<br \/>\n9 dni : 2170,00 z\u0142<br \/>\n10 dni : 2310,00 z\u0142<br \/>\n11 dni : 2540,00 z\u0142<br \/>\n12 dni : 2770,00 z\u0142<br \/>\n13 dni : 3000,00 z\u0142<br \/>\n14 dni : 3200,00 z\u0142<\/p>\n","protected":false},"featured_media":388,"comment_status":"closed","ping_status":"closed","template":"","meta":{"_et_pb_use_builder":"on","_et_pb_old_content":"","_et_gb_content_width":""},"product_brand":[],"product_cat":[43],"product_tag":[],"yst_prominent_words":[],"class_list":{"0":"post-193","1":"product","2":"type-product","3":"status-publish","4":"has-post-thumbnail","6":"product_cat-bez-kategorii","8":"first","9":"instock","10":"sold-individually","11":"shipping-taxable","12":"purchasable","13":"product-type-booking"},"_links":{"self":[{"href":"https:\/\/waycar.pl\/index.php\/wp-json\/wp\/v2\/product\/193","targetHints":{"allow":["GET"]}}],"collection":[{"href":"https:\/\/waycar.pl\/index.php\/wp-json\/wp\/v2\/product"}],"about":[{"href":"https:\/\/waycar.pl\/index.php\/wp-json\/wp\/v2\/types\/product"}],"replies":[{"embeddable":true,"href":"https:\/\/waycar.pl\/index.php\/wp-json\/wp\/v2\/comments?post=193"}],"wp:featuredmedia":[{"embeddable":true,"href":"https:\/\/waycar.pl\/index.php\/wp-json\/wp\/v2\/media\/388"}],"wp:attachment":[{"href":"https:\/\/waycar.pl\/index.php\/wp-json\/wp\/v2\/media?parent=193"}],"wp:term":[{"taxonomy":"product_brand","embeddable":true,"href":"https:\/\/waycar.pl\/index.php\/wp-json\/wp\/v2\/product_brand?post=193"},{"taxonomy":"product_cat","embeddable":true,"href":"https:\/\/waycar.pl\/index.php\/wp-json\/wp\/v2\/product_cat?post=193"},{"taxonomy":"product_tag","embeddable":true,"href":"https:\/\/waycar.pl\/index.php\/wp-json\/wp\/v2\/product_tag?post=193"},{"taxonomy":"yst_prominent_words","embeddable":true,"href":"https:\/\/waycar.pl\/index.php\/wp-json\/wp\/v2\/yst_prominent_words?post=193"}],"curies":[{"name":"wp","href":"https:\/\/api.w.org\/{rel}","templated":true}]}}

<p><strong>Opel Vivaro  B Long </strong></p>
<ul>
<li><em>1,6 BiTurbo</em></li>
<li><em>9 osobowy</em></li>
<li><em>Euro 6</em></li>
<li><em>klimatyzacja przód i tył</em></li>
<li><em>długi bagażnik</em></li>
<li><em>spalanie 7-9 l/100 km  Diesel</em></li>
<li><em>Wbudowana nawigacja</em></li>
<li><em>Podłokietniki na tylnych siedzeniach</em></li>
<li><em>Otwierane okna z tyłu</em></li>
<li><em>Isofix</em></li>
<li><em>Czujniki parkowania</em></li>
<li><em>Tempomat</em></li>
<li><em>wynajem od 230zł/ dzień (przy dłuższym wynajmie)</em></li>
<li><em>limit dzienny 300 km sumowany na czas rezerwacji</em></li>
<li><em>kaucja 1500zł</em></li>
<li><em>winiety Czechy i Austria na rok 2025 w cenie wynajmu</em></li>
<li>i<em>nne winiety dodatkowo płatne </em></li>
</ul>
<p>1 dzień : 310,00 zł<br />
2 dni : 600,00 zł<br />
3 dni : 820,00 zł<br />
4 dni : 1000,00 zł<br />
5 dni : 126000 zł<br />
6 dni : 1450,00 zł<br />
7 dni : 1690,00 zł<br />
8 dni : 1930,00 zł<br />
9 dni : 2170,00 zł<br />
10 dni : 2310,00 zł<br />
11 dni : 2540,00 zł<br />
12 dni : 2770,00 zł<br />
13 dni : 3000,00 zł<br />
14 dni : 3200,00 zł</p>
